6?
6
What is the ten thousands digit of 15655?
1
What is the hundreds digit of 33183?
1
What is the hundreds digit of 510?
5
What is the tens digit of 1424?
2
What is the tens digit of 11614?
1
What is the units digit of 3791?
1
What is the units digit of 436?
6
What is the hundreds digit of 1080?
0
What is the thousands digit of 53305?
3
What is the units digit of 30402?
2
What is the units digit of 4908?
8
What is the hundreds digit of 165157?
1
What is the units digit of 2071?
1
What is the hundred thousands digit of 156271?
1
What is the units digit of 756?
6
What is the thousands digit of 46766?
6
What is the thousands digit of 13435?
3
What is the hundreds digit of 3506?
5
What is the tens digit of 5825?
2
What is the units digit of 703?
3
What is the units digit of 938?
8
What is the units digit of 2488?
8
What is the thousands digit of 11961?
1
What is the units digit of 1401?
1
What is the hundreds digit of 5384?
3
What is the tens digit of 845?
4
What is the hundreds digit of 185765?
7
What is the hundreds digit of 178?
1
What is the thousands digit of 10619?
0
What is the tens digit of 414?
1
What is the tens digit of 14746?
4
What is the ten thousands digit of 15646?
1
What is the units digit of 4023?
3
What is the ten thousands digit of 41736?
4
What is the ten thousands digit of 174765?
7
What is the tens digit of 41308?
0
What is the units digit of 279?
9
What is the thousands digit of 7606?
7
What is the tens digit of 19963?
6
What is the tens digit of 16294?
9
What is the tens digit of 43589?
8
What is the units digit of 4636?
6
What is the hundreds digit of 42505?
5
What is the ten thousands digit of 51155?
5
What is the tens digit of 1856?
5
What is the units digit of 1675?
5
What is the tens digit of 260?
6
What is the tens digit of 52736?
3
What is the thousands digit of 1911?
1
What is the units digit of 2133?
3
What is the thousands digit of 3347?
3
What is the thousands digit of 1242?
1
What is the units digit of 38?
8
What is the units digit of 34896?
6
What is the hundreds digit of 711?
7
What is the tens digit of 1357?
5
What is the units digit of 68282?
2
What is the units digit of 67439?
9
What is the tens digit of 19972?
7
What is the hundreds digit of 84351?
3
What is the tens digit of 24714?
1
What is the hundreds digit of 5442?
4
What is the units digit of 468?
8
What is the hundreds digit of 112874?
8
What is the thousands digit of 2107?
2
What is the units digit of 24970?
0
What is the hundreds digit of 61859?
8
What is the tens digit of 548?
4
What is the tens digit of 598?
9
What is the units digit of 165388?
8
What is the thousands digit of 3904?
3
What is the thousands digit of 1034?
1
What is the units digit of 11988?
8
What is the units digit of 43632?
2
What is the thousands digit of 2590?
2
What is the tens digit of 1505?
0
What is the tens digit of 16065?
6
What is the tens digit of 37462?
6
What is the tens digit of 10?
1
What is the hundreds digit of 2746?
7
What is the tens digit of 57527?
2
What is the hundreds digit of 3023?
0
What is the units digit of 2169?
9
What is the ten thousands digit of 60965?
6
What is the hundreds digit of 493?
4
What is the units digit of 1961?
1
What is the units digit of 2577?
7
What is the tens digit of 1238?
3
What is the thousands digit of 2359?
2
What is the tens digit of 2577?
7
What is the units digit of 1104?
4
What is the units digit of 4248?
8
What is the tens digit of 87333?
3
What is the tens digit of 2891?
9
What is the tens digit of 9360?
6
What is the hundred thousands digit of 110949?
1
What is the units digit of 2588?
8
What is the ten thousands digit of 168796?
6
What is the units digit of 2266?
6
What is the units digit of 443?
3
What is the tens digit of 17886?
8
What is the tens digit of 2109?
0
What is the thousands digit of 13696?
3
What is the hundreds digit of 268?
2
What is the tens digit of 45897?
9
What is the tens digit of 5868?
6
What is the ten thousands digit of 18856?
1
What is the units digit of 852?
2
What is the hundreds digit of 200?
2
What is the units digit of 2856?
6
What is the units digit of 26?
6
What is the tens digit of 23308?
0
What is the hundreds digit of 3823?
8
What is the thousands digit of 5255?
5
What is the units digit of 10963?
3
What is the units digit of 3970?
0
What is the thousands digit of 5605?
5
What is the units digit of 116956?
6
What is the units digit of 11974?
4
What is the thousands digit of 15860?
5
What is the hundreds digit of 3900?
9
What is the tens digit of 1946?
4
What is the tens digit of 91441?
4
What is the ten thousands digit of 57397?
5
What is the hundreds digit of 7473?
4
What is the thousands digit of 3842?
3
What is the ten thousands digit of 12699?
1
What is the thousands digit of 8756?
8
What is the ten thousands digit of 110067?
1
What is the units digit of 7791?
1
What is the hundreds digit of 13334?
3
What is the thousands digit of 82090?
2
What is the units digit of 2198?
8
What is the tens digit of 83807?
0
What is the hundreds digit of 1120?
1
What is the units digit of 5512?
2
What is the units digit of 727?
7
What is the tens digit of 418?
1
What is the tens digit of 53?
5
What is the thousands digit of 1947?
1
What is the hundreds digit of 2504?
5
What is the ten thousands digit of 84338?
8
What is the tens digit of 937?
3
What is the units digit of 37731?
1
What is the tens digit of 13145?
4
What is the units digit of 8924?
4
What is the thousands digit of 3289?
3
What is the tens digit of 5990?
9
What is the tens digit of 58092?
9
What is the ten thousands digit of 133749?
3
What is the tens digit of 8536?
3
What is the ten thousands digit of 82369?
8
What is the tens digit of 1879?
7
What is the hundreds digit of 470?
4
What is the tens digit of 326?
2
What is the thousands digit of 3055?
3
What is the thousands digit of 75070?
5
What is the ten thousands digit of 11450?
1
What is the hundreds digit of 1144?
1
What is the tens digit of 976?
7
What is the units digit of 220?
0
What is the units digit of 23364?
4
What is the tens digit of 8499?
9
What is the hundreds digit of 4836?
8
What is the units digit of 121176?
6
What is the thousands digit of 2887?
2
What is the hundreds digit of 1041?
0
What is the tens digit of 2755?
5
What is the thousands digit of 6959?
6
What is the hundreds digit of 895?
8
What is the units digit of 23998?
8
What is the thousands digit of 1137?
1
What is the hundreds digit of 1490?
4
What is the tens digit of 5106?
0
What is the hundreds digit of 1034?
0
What is the tens digit of 1372?
7
What is the tens digit of 6622?
2
What is the thousands digit of 1529?
1
What is the units digit of 408?
8
What is the hundreds digit of 207?
2
What is the thousands digit of 51187?
1
What is the hundreds digit of 5626?
6
What is the units digit of 10159?
9
What is the thousands digit of 4084?
4
What is the hundreds digit of 2497?
4
What is the ten thousands digit of 159910?
5
What is the units digit of 801?
1
What is the tens digit of 23453?
5
What is the tens digit of 2320?
2
What is the tens digit of 700?
0
What is the tens digit of 9650?
5
What is the thousands digit of 20813?
0
What is the hundreds digit of 1893?
8
What is the units digit of 44?
4
What is the hundreds digit of 506?
5
What is the hundreds digit of 22716?
7
What is the thousands digit of 57918?
7
What is the tens digit of 41086?
8
What is the hundreds digit of 736?
7
What is the tens digit of 877?
7
What is the tens digit of 1518?
1
What is the tens digit of 1375?
7
What is the thousands digit of 11540?
1
What is the units digit of 5113?
3
What is the hundreds digit of 5078?
0
What is the tens digit of 889?
8
What is the tens digit of 2244?
4
What is the ten thousands digit of 48707?
4
What is the hundreds digit of 18326?
3
What is the ten thousands digit of 52008?
5
What is the thousands digit of 1214?
1
What is the thousands digit of 46996?
6
What is the hundreds digit of 20725?
7
What is the tens digit of 26699?
9
What is the tens digit of 376?
7
What is the hundreds digit of 167?
1
What is the ten thousands digit of 100726?
0
What is the hundreds digit of 3135?
1
What is the units digit of 50032?
2
What is the hundreds digit of 103089?
0
What is the hundreds digit of 876?
8
What 